osite?
True
Is 255166591 a composite number?
False
Is 142478927 a prime number?
True
Is 6580771 a prime number?
False
Is 8050083 prime?
False
Is 5148839 composite?
True
Is 2834621 a composite number?
True
Is 3839453 prime?
False
Is 5399707 prime?
True
Is 7928569 composite?
True
Is 38964173 a composite number?
False
Is 5070599 composite?
False
Is 68945619 prime?
False
Is 82275943 prime?
True
Is 19456469 prime?
False
Is 1784767 a composite number?
False
Is 1848397 a composite number?
False
Is 93286199 a composite number?
True
Is 140982083 a composite number?
True
Is 25255777 a composite number?
False
Is 28510397 a prime number?
True
Is 44060501 prime?
True
Is 23623318 composite?
True
Is 190819 prime?
False
Is 597505889 prime?
False
Is 216040379 prime?
True
Is 2420071 prime?
True
Is 3229169 composite?
False
Is 364642147 composite?
True
Is 3081577 a prime number?
True
Is 6712579 a prime number?
True
Is 1379966699 a prime number?
True
Is 3953003 a composite number?
True
Is 234781 composite?
False
Is 68874329 a composite number?
True
Is 166349 prime?
True
Is 75639167 a prime number?
True
Is 30194263 a prime number?
False
Is 32621669 composite?
False
Is 54754433 composite?
True
Is 5809711 a composite number?
False
Is 68191381 composite?
True
Is 9579478 composite?
True
Is 224548009 prime?
False
Is 1789467 prime?
False
Is 57961997 a composite number?
False
Is 14306177 a prime number?
True
Is 110435189 a prime number?
True
Is 11861273 a composite number?
False
Is 24987307 prime?
True
Is 458554819 prime?
True
Is 4522709 a composite number?
False
Is 39794639 a prime number?
True
Is 17980603 a prime number?
False
Is 19912561 composite?
False
Is 468481 a prime number?
False
Is 2938627 a prime number?
True
Is 100382383 a prime number?
False
Is 755473 composite?
False
Is 1323997 prime?
True
Is 2202593 a composite number?
True
Is 5901289 a composite number?
False
Is 4918337 prime?
True
Is 28040797 a composite number?
True
Is 30044419 prime?
True
Is 1583273 composite?
False
Is 1985281 composite?
True
Is 154683121 a composite number?
False
Is 15222985 prime?
False
Is 138239 composite?
False
Is 276909767 composite?
False
Is 6073307 composite?
False
Is 12533435 composite?
True
Is 23995079 composite?
False
Is 597705599 composite?
False
Is 13775023 composite?
True
Is 2736941 prime?
True
Is 3723653 composite?
True
Is 46845109 a prime number?
True
Is 65477851 a prime number?
False
Is 555107 a prime number?
False
Is 12668387 a composite number?
False
Is 32994001 composite?
True
Is 68761061 prime?
False
Is 104840369 a prime number?
True
Is 4739363 prime?
True
Is 18517 prime?
True
Is 1662853 a composite number?
True
Is 7722643 a composite number?
False
Is 25395373 a composite number?
False
Is 211747 prime?
True
Is 2434834 a prime number?
False
Is 360095257 a composite number?
False
Is 141109555 prime?
False
Is 261675059 prime?
True
Is 60685439 composite?
True
Is 260798281 a prime number?
True
Is 3386711 prime?
True
Is 3788909 a composite number?
True
Is 3344611 composite?
False
Is 132565879 a composite number?
True
Is 445325843 a composite number?
False
Is 32325277 prime?
True
Is 73516733 a composite number?
True
Is 6505949 prime?
True
Is 2541323 composite?
False
Is 115321841 a composite number?
False
Is 93813437 prime?
True
Is 15043723 composite?
False
Is 1959229 composite?
True
Is 1458841 prime?
True
Is 92235509 a prime number?
False
Is 1548179 a prime number?
True
Is 21442429 a prime number?
False
Is 9135701 prime?
True
Is 100520137 composite?
False
Is 4227251 a prime number?
False
Is 6140587 composite?
True
Is 38500571 composite?
True
Is 548698331 a prime number?
True
Is 1013123123 composite?
False
Is 45564801 a composite number?
True
Is 469226 a prime number?
False
Is 727387253 composite?
True
Is 3079393 a composite number?
True
Is 24431779 composite?
False
Is 88643 a prime number?
True
Is 308695301 composite?
False
Is 5048221 a composite number?
False
Is 116741171 a prime number?
True
Is 2291893 prime?
True
Is 27122473 composite?
True
Is 636859 prime?
False
Is 94116241 a prime number?
True
Is 62725799 composite?
True
Is 3310327 a prime number?
False
Is 7739695 composite?
True
Is 581059 prime?
False
Is 3609881 a composite number?
True
Is 5830561 prime?
False
Is 121977463 composite?
False
Is 16963939 a prime number?
False
Is 7960751 prime?
False
Is 7022737 prime?
True
Is 3099727 composite?
False
Is 31307 prime?
True
Is 415249 a prime number?
False
Is 10790771 prime?
True
Is 90858739 prime?
True
Is 2394961 a prime number?
True
Is 30852782 prime?
False
Is 78827027 a prime number?
True
Is 285895459 prime?
False
Is 10894921 prime?
True
Is 257101541 composite?
False
Is 359021981 composite?
False
Is 66643931 a prime number?
True
Is 1421753 composite?
True
Is 21904861 a composite number?
True
Is 90272657 composite?
True
Is 25275589 a prime number?
True
Is 2202359 a prime number?
True
Is 2636759 a prime number?
True
Is 1377589 a prime number?
True
Is 98809421 composite?
False
Is 121413982 a prime number?
False
Is 962503 prime?
True
Is 58085129 a composite number?
False
Is 109203229 a prime number?
True
Is 2162737 a composite number?
False
Is 22042079 composite?
False
Is 12953051 a composite number?
False
Is 548533 prime?
True
Is 4826891 prime?
False
Is 3394679 a prime number?
False
Is 320165169 prime?
False
Is 2055917 composite?
False
Is 85635267 composite?
True
Is 2947877 composite?
False
Is 1687379 a prime number?
False
Is 2321257 composite?
True
Is 9682891 a composite number?
True
Is 353843509 composite?
False
Is 9286439 a composite number?
False
Is 10398527 prime?
True
Is 12260041 a composite number?
True
Is 64164887 composite?
True
Is 96931423 a prime number?
True
Is 229912091 composite?
False
Is 309841937 a composite number?
False
Is 106887899 a prime number?
False
Is 26928541 composite?
False
Is 5207 prime?
False
Is 1828301 prime?
True
Is 1145773 a prime number?
True
Is 215051 prime?
True
Is 5391509 prime?
True
Is 1817197 a prime number?
True
Is 11517353 a composite number?
False
Is 125263321 a composite number?
False
Is 14546671 prime?
True
Is 11166731 a prime number?
True
Is 40625791 a composite number?
True
Is 3093197 a prime number?
True
Is 79560821 prime?
False
Is 11158351 prime?
True
Is 30326557 a prime number?
True
Is 17502131 prime?
True
Is 21069029 a prime number?
False
Is 12134587 a composite number?
True
Is 73934219 a composite number?
False
Is 4164143 a composite number?
True
Is 138339899 a composite number?
False
Is 153355627 a prime number?
True
Is 135410939 a composite number?
False
Is 42981437 a prime number?
True
Is 752895811 composite?
True
Is 1683137 prime?
False
Is 15974753 composite?
False
Is 395849 composite?
False
Is 1653989 prime?
True
Is 36437029 composite?
False
Is 3096613 prime?
False
Is 847743305 a composite number?
True
Is 308213 prime?
True
Is 37968067 composite?
False
Is 461969 prime?
False
Is 10774551 a prime number?
False
Is 15133585 a prime number?
False
Is 508223219 composite?
True
Is 3126307 composite?
False
Is 406697 prime?
True
Is 16444739 prime?
True
Is 19862411 composite?
False
Is 1865902 prime?
False
Is 100122047 a prime number?
True
Is 260769 prime?
False
Is 43379153 prime?
False
Is 139619297 composite?
True
Is 36235093 a prime number?
False
Is 28417463 a composite number?
False
Is 124264201 a composite number?
False
Is 233077 a prime number?
False
Is 4417199 prime?
True
Is 3020651 prime?
True
Is 6513107 prime?
True
Is 91268267 a composite number?
True
Is 3391061 a prime number?
True
Is 343547095 composite?
True
Is 16432537 a composite number?
True
Is 8809373 a prime number?
True
Is 125593319 composite?
True
Is 5358651 composite?
True
Is 4247095 a composite number?
True
Is 1942723 a prime number?
True
Is 107039357 a composite number?
False
Is 136770853 a prime number?
False
Is 19988427 a prime number?
False
Is 20517577 a composite number?
False
Is 433241 prime?
True
Is 1930627 a prime number?
True
Is 83969 composite?
False
Is 171718289 prime?
True
Is 12735863 a composite number?
True
Is 19097777 a prime number?
False
Is 38663981 a prime number?
True
Is 235378577 a prime number?
False
Is 200021 a composite number?
True
Is 2380474 a composite number?
True
Is 142257403 composite?
False
Is 48093589 prime?
False
Is 11942423 pr